[INFO] fetching crate g1 0.1.0-alpha.3...
[INFO] checking g1-0.1.0-alpha.3 against try#72f88fc4e9458f89516a0b8b0868f3718aec5b47 for pr-74989
[INFO] extracting crate g1 0.1.0-alpha.3 into /workspace/builds/worker-0/source
[INFO] validating manifest of crates.io crate g1 0.1.0-alpha.3 on toolchain 72f88fc4e9458f89516a0b8b0868f3718aec5b47
[INFO] running `Command { std: "/workspace/cargo-home/bin/cargo" "+72f88fc4e9458f89516a0b8b0868f3718aec5b47" "read-manifest" "--manifest-path" "Cargo.toml", kill_on_drop: false }`
[INFO] started tweaking crates.io crate g1 0.1.0-alpha.3
[INFO] finished tweaking crates.io crate g1 0.1.0-alpha.3
[INFO] tweaked toml for crates.io crate g1 0.1.0-alpha.3 written to /workspace/builds/worker-0/source/Cargo.toml
[INFO] crate crates.io crate g1 0.1.0-alpha.3 already has a lockfile, it will not be regenerated
[INFO] running `Command { std: "/workspace/cargo-home/bin/cargo" "+72f88fc4e9458f89516a0b8b0868f3718aec5b47" "fetch" "--locked" "--manifest-path" "Cargo.toml", kill_on_drop: false }`
[INFO] [stderr]  Downloading crates ...
[INFO] [stderr]   Downloaded g1-macros v0.1.0-alpha.3
[INFO] [stderr]   Downloaded tokio-macros v0.2.0
[INFO] [stderr]   Downloaded defer v0.1.0
[INFO] running `Command { std: "docker" "create" "-v" "/var/lib/crater-agent-workspace/builds/worker-0/target:/opt/rustwide/target:rw,Z" "-v" "/var/lib/crater-agent-workspace/builds/worker-0/source:/opt/rustwide/workdir:ro,Z" "-v" "/var/lib/crater-agent-workspace/cargo-home:/opt/rustwide/cargo-home:ro,Z" "-v" "/var/lib/crater-agent-workspace/rustup-home:/opt/rustwide/rustup-home:ro,Z" "-e" "SOURCE_DIR=/opt/rustwide/workdir" "-e" "CARGO_TARGET_DIR=/opt/rustwide/target" "-e" "CARGO_HOME=/opt/rustwide/cargo-home" "-e" "RUSTUP_HOME=/opt/rustwide/rustup-home" "-w" "/opt/rustwide/workdir" "-m" "1610612736" "--user" "0:0" "--network" "none" "rustops/crates-build-env@sha256:d92eaeed33fa75130ca1ee6c8a01d1ffb62bac859dfdfb3450e3e5d1c0146529" "/opt/rustwide/cargo-home/bin/cargo" "+72f88fc4e9458f89516a0b8b0868f3718aec5b47" "metadata" "--no-deps" "--format-version=1", kill_on_drop: false }`
[INFO] [stdout] bcd42e32650bc0575ce3f1e7aabc2ed6ad0a4527998be9c42621cf1050fff793
[INFO] [stderr] WARNING: Your kernel does not support swap limit capabilities or the cgroup is not mounted. Memory limited without swap.
[INFO] running `Command { std: "docker" "start" "-a" "bcd42e32650bc0575ce3f1e7aabc2ed6ad0a4527998be9c42621cf1050fff793", kill_on_drop: false }`
[INFO] running `Command { std: "docker" "inspect" "bcd42e32650bc0575ce3f1e7aabc2ed6ad0a4527998be9c42621cf1050fff793", kill_on_drop: false }`
[INFO] running `Command { std: "docker" "rm" "-f" "bcd42e32650bc0575ce3f1e7aabc2ed6ad0a4527998be9c42621cf1050fff793", kill_on_drop: false }`
[INFO] [stdout] bcd42e32650bc0575ce3f1e7aabc2ed6ad0a4527998be9c42621cf1050fff793
[INFO] running `Command { std: "docker" "create" "-v" "/var/lib/crater-agent-workspace/builds/worker-0/target:/opt/rustwide/target:rw,Z" "-v" "/var/lib/crater-agent-workspace/builds/worker-0/source:/opt/rustwide/workdir:ro,Z" "-v" "/var/lib/crater-agent-workspace/cargo-home:/opt/rustwide/cargo-home:ro,Z" "-v" "/var/lib/crater-agent-workspace/rustup-home:/opt/rustwide/rustup-home:ro,Z" "-e" "SOURCE_DIR=/opt/rustwide/workdir" "-e" "CARGO_TARGET_DIR=/opt/rustwide/target" "-e" "CARGO_INCREMENTAL=0" "-e" "RUST_BACKTRACE=full" "-e" "RUSTFLAGS=--cap-lints=forbid" "-e" "CARGO_HOME=/opt/rustwide/cargo-home" "-e" "RUSTUP_HOME=/opt/rustwide/rustup-home" "-w" "/opt/rustwide/workdir" "-m" "1610612736" "--user" "0:0" "--network" "none" "rustops/crates-build-env@sha256:d92eaeed33fa75130ca1ee6c8a01d1ffb62bac859dfdfb3450e3e5d1c0146529" "/opt/rustwide/cargo-home/bin/cargo" "+72f88fc4e9458f89516a0b8b0868f3718aec5b47" "check" "--frozen" "--all" "--all-targets" "--message-format=json", kill_on_drop: false }`
[INFO] [stdout] 8e9b5ddb3b5e11ede63868bbd1de113517cdd3ccc60d4bab9c0ff2d0a99def78
[INFO] [stderr] WARNING: Your kernel does not support swap limit capabilities or the cgroup is not mounted. Memory limited without swap.
[INFO] running `Command { std: "docker" "start" "-a" "8e9b5ddb3b5e11ede63868bbd1de113517cdd3ccc60d4bab9c0ff2d0a99def78", kill_on_drop: false }`
[INFO] [stderr]    Compiling proc-macro2 v1.0.6
[INFO] [stderr]    Compiling unicode-xid v0.2.0
[INFO] [stderr]    Compiling syn v1.0.11
[INFO] [stderr]    Compiling rand_core v0.4.2
[INFO] [stderr]    Compiling memchr v2.2.1
[INFO] [stderr]    Compiling getrandom v0.1.13
[INFO] [stderr]    Compiling cfg-if v0.1.10
[INFO] [stderr]    Compiling byteorder v1.3.2
[INFO] [stderr]    Compiling typenum v1.11.2
[INFO] [stderr]    Compiling proc-macro-nested v0.1.3
[INFO] [stderr]    Compiling siphasher v0.2.3
[INFO] [stderr]    Compiling regex-syntax v0.6.12
[INFO] [stderr]    Compiling serde v1.0.103
[INFO] [stderr]    Compiling lazy_static v1.4.0
[INFO] [stderr]    Compiling string_cache_shared v0.3.0
[INFO] [stderr]    Compiling byte-tools v0.3.1
[INFO] [stderr]    Compiling strsim v0.9.2
[INFO] [stderr]    Compiling fixedbitset v0.1.9
[INFO] [stderr]    Compiling bit-vec v0.5.1
[INFO] [stderr]    Compiling ordermap v0.3.5
[INFO] [stderr]    Compiling opaque-debug v0.2.3
[INFO] [stderr]    Compiling new_debug_unreachable v1.0.3
[INFO] [stderr]    Compiling precomputed-hash v0.1.1
[INFO] [stderr]    Compiling fake-simd v0.1.2
[INFO] [stderr]    Compiling diff v0.1.11
[INFO] [stderr]    Compiling utf8-ranges v1.0.4
[INFO] [stderr]    Compiling futures-sink v0.3.1
[INFO] [stderr]    Compiling futures-core v0.3.1
[INFO] [stderr]    Compiling lalrpop-util v0.17.2
[INFO] [stderr]    Compiling ppv-lite86 v0.2.6
[INFO] [stderr]    Compiling futures-task v0.3.1
[INFO] [stderr]    Compiling futures-io v0.3.1
[INFO] [stderr]    Compiling slab v0.4.2
[INFO] [stderr]    Compiling pin-utils v0.1.0-alpha.4
[INFO] [stderr]    Compiling pin-project-lite v0.1.1
[INFO] [stderr]    Compiling bytes v0.5.2
[INFO] [stderr]    Compiling mime v0.3.14
[INFO] [stderr]    Compiling topological-sort v0.1.0
[INFO] [stderr]    Compiling static_assertions v1.1.0
[INFO] [stderr]    Compiling anyhow v1.0.25
[INFO] [stderr]     Checking defer v0.1.0
[INFO] [stderr]    Compiling thread_local v0.3.6
[INFO] [stderr]    Compiling block-padding v0.1.5
[INFO] [stderr]    Compiling phf_shared v0.7.24
[INFO] [stderr]    Compiling rand_core v0.3.1
[INFO] [stderr]    Compiling rand_jitter v0.1.4
[INFO] [stderr]    Compiling bit-set v0.5.1
[INFO] [stderr]    Compiling itertools v0.8.2
[INFO] [stderr]    Compiling futures-channel v0.3.1
[INFO] [stderr]    Compiling petgraph v0.4.13
[INFO] [stderr]    Compiling libc v0.2.66
[INFO] [stderr]    Compiling log v0.4.8
[INFO] [stderr]    Compiling rand_isaac v0.1.1
[INFO] [stderr]    Compiling rand_xorshift v0.1.1
[INFO] [stderr]    Compiling rand_hc v0.1.0
[INFO] [stderr]    Compiling rand_pcg v0.1.2
[INFO] [stderr]    Compiling rand_chacha v0.1.1
[INFO] [stderr]    Compiling c2-chacha v0.2.3
[INFO] [stderr]    Compiling ena v0.13.1
[INFO] [stderr]     Checking rand_core v0.5.1
[INFO] [stderr]    Compiling syn v0.15.44
[INFO] [stderr]    Compiling aho-corasick v0.7.6
[INFO] [stderr]    Compiling rand_os v0.1.3
[INFO] [stderr]    Compiling dirs v1.0.5
[INFO] [stderr]    Compiling atty v0.2.13
[INFO] [stderr]     Checking rand_chacha v0.2.1
[INFO] [stderr]    Compiling quote v1.0.2
[INFO] [stderr]    Compiling term v0.5.2
[INFO] [stderr]    Compiling rand v0.6.5
[INFO] [stderr]     Checking rand v0.7.2
[INFO] [stderr]    Compiling generic-array v0.12.3
[INFO] [stderr]    Compiling ascii-canvas v2.0.0
[INFO] [stderr]    Compiling digest v0.8.1
[INFO] [stderr]    Compiling block-buffer v0.7.3
[INFO] [stderr]    Compiling sha2 v0.8.0
[INFO] [stderr]    Compiling regex v1.3.1
[INFO] [stderr]     Checking uuid v0.8.1
[INFO] [stderr]    Compiling phf_generator v0.7.24
[INFO] [stderr]    Compiling string_cache_codegen v0.4.4
[INFO] [stderr]    Compiling string_cache v0.7.5
[INFO] [stderr]    Compiling logos-derive v0.9.7
[INFO] [stderr]    Compiling serde_derive v1.0.103
[INFO] [stderr]    Compiling proc-macro-hack v0.5.11
[INFO] [stderr]    Compiling tokio-macros v0.2.0
[INFO] [stderr]    Compiling derive_more v0.99.2
[INFO] [stderr]    Compiling async-trait v0.1.21
[INFO] [stderr]    Compiling tokio v0.2.4
[INFO] [stderr]    Compiling logos v0.9.7
[INFO] [stderr]    Compiling futures-macro v0.3.1
[INFO] [stderr]    Compiling futures-util v0.3.1
[INFO] [stderr]    Compiling futures-executor v0.3.1
[INFO] [stderr]    Compiling futures v0.3.1
[INFO] [stderr]    Compiling docopt v1.1.0
[INFO] [stderr]    Compiling lalrpop v0.17.2
[INFO] [stderr]    Compiling g1-common v0.1.0-alpha.3
[INFO] [stderr]    Compiling g1-macros v0.1.0-alpha.3
[INFO] [stderr]     Checking g1 v0.1.0-alpha.3 (/opt/rustwide/workdir)
[INFO] [stdout] warning: lint `legacy_directory_ownership` has been removed: `converted into hard error, see issue #37872 <https://github.com/rust-lang/rust/issues/37872> for more information`
[INFO] [stdout]    --> src/lib.rs:104:5
[INFO] [stdout]     |
[INFO] [stdout] 104 |     legacy_directory_ownership,
[INFO] [stdout]     |     ^^^^^^^^^^^^^^^^^^^^^^^^^^
[INFO] [stdout]     |
[INFO] [stdout]     = note: `#[warn(renamed_and_removed_lints)]` on by default
[INFO] [stdout] 
[INFO] [stdout] 
[INFO] [stdout] warning: lint `plugin_as_library` has been removed: `plugins have been deprecated and retired`
[INFO] [stdout]    --> src/lib.rs:112:5
[INFO] [stdout]     |
[INFO] [stdout] 112 |     plugin_as_library,
[INFO] [stdout]     |     ^^^^^^^^^^^^^^^^^
[INFO] [stdout] 
[INFO] [stdout] 
[INFO] [stdout] warning: lint `safe_extern_statics` has been removed: `converted into hard error, see issue #36247 <https://github.com/rust-lang/rust/issues/36247> for more information`
[INFO] [stdout]    --> src/lib.rs:114:5
[INFO] [stdout]     |
[INFO] [stdout] 114 |     safe_extern_statics,
[INFO] [stdout]     |     ^^^^^^^^^^^^^^^^^^^
[INFO] [stdout] 
[INFO] [stdout] 
[INFO] [stdout] warning: unknown lint: `unions_with_drop_fields`
[INFO] [stdout]    --> src/lib.rs:117:5
[INFO] [stdout]     |
[INFO] [stdout] 117 |     unions_with_drop_fields,
[INFO] [stdout]     |     ^^^^^^^^^^^^^^^^^^^^^^^
[INFO] [stdout]     |
[INFO] [stdout]     = note: `#[warn(unknown_lints)]` on by default
[INFO] [stdout] 
[INFO] [stdout] 
[INFO] [stdout] warning: lint `legacy_directory_ownership` has been removed: `converted into hard error, see issue #37872 <https://github.com/rust-lang/rust/issues/37872> for more information`
[INFO] [stdout]    --> src/lib.rs:104:5
[INFO] [stdout]     |
[INFO] [stdout] 104 |     legacy_directory_ownership,
[INFO] [stdout]     |     ^^^^^^^^^^^^^^^^^^^^^^^^^^
[INFO] [stdout]     |
[INFO] [stdout]     = note: `#[warn(renamed_and_removed_lints)]` on by default
[INFO] [stdout] 
[INFO] [stdout] 
[INFO] [stdout] warning: lint `plugin_as_library` has been removed: `plugins have been deprecated and retired`
[INFO] [stdout]    --> src/lib.rs:112:5
[INFO] [stdout]     |
[INFO] [stdout] 112 |     plugin_as_library,
[INFO] [stdout]     |     ^^^^^^^^^^^^^^^^^
[INFO] [stdout] 
[INFO] [stdout] 
[INFO] [stdout] warning: lint `safe_extern_statics` has been removed: `converted into hard error, see issue #36247 <https://github.com/rust-lang/rust/issues/36247> for more information`
[INFO] [stdout]    --> src/lib.rs:114:5
[INFO] [stdout]     |
[INFO] [stdout] 114 |     safe_extern_statics,
[INFO] [stdout]     |     ^^^^^^^^^^^^^^^^^^^
[INFO] [stdout] 
[INFO] [stdout] 
[INFO] [stdout] warning: unknown lint: `unions_with_drop_fields`
[INFO] [stdout]    --> src/lib.rs:117:5
[INFO] [stdout]     |
[INFO] [stdout] 117 |     unions_with_drop_fields,
[INFO] [stdout]     |     ^^^^^^^^^^^^^^^^^^^^^^^
[INFO] [stdout]     |
[INFO] [stdout]     = note: `#[warn(unknown_lints)]` on by default
[INFO] [stdout] 
[INFO] [stdout] 
[INFO] [stdout] warning: 4 warnings emitted
[INFO] [stdout] 
[INFO] [stdout] 
[INFO] [stdout] warning: 4 warnings emitted
[INFO] [stdout] 
[INFO] [stdout] 
[INFO] [stdout] error[E0432]: unresolved import `g1::SqliteConnection`
[INFO] [stdout]  --> examples/blobs.rs:4:22
[INFO] [stdout]   |
[INFO] [stdout] 4 | use g1::{Connection, SqliteConnection};
[INFO] [stdout]   |                      ^^^^^^^^^^^^^^^^ no `SqliteConnection` in the root
[INFO] [stdout] 
[INFO] [stdout] 
[INFO] [stdout] error[E0432]: unresolved import `g1::SqliteConnection`
[INFO] [stdout]  --> examples/macro.rs:3:29
[INFO] [stdout]   |
[INFO] [stdout] 3 | use g1::{query, Connection, SqliteConnection};
[INFO] [stdout]   |                             ^^^^^^^^^^^^^^^^ no `SqliteConnection` in the root
[INFO] [stdout] 
[INFO] [stdout] 
[INFO] [stdout] error[E0432]: unresolved import `g1::SqliteConnection`
[INFO] [stdout]  --> examples/readme.rs:6:35
[INFO] [stdout]   |
[INFO] [stdout] 6 | use g1::{query, Atom, Connection, SqliteConnection};
[INFO] [stdout]   |                                   ^^^^^^^^^^^^^^^^ no `SqliteConnection` in the root
[INFO] [stdout] 
[INFO] [stdout] 
[INFO] [stdout] warning: unused import: `Connection`
[INFO] [stdout]  --> examples/blobs.rs:4:10
[INFO] [stdout]   |
[INFO] [stdout] 4 | use g1::{Connection, SqliteConnection};
[INFO] [stdout]   |          ^^^^^^^^^^
[INFO] [stdout]   |
[INFO] [stdout]   = note: `#[warn(unused_imports)]` on by default
[INFO] [stdout] 
[INFO] [stdout] 
[INFO] [stdout] error: aborting due to previous error; 1 warning emitted
[INFO] [stdout] 
[INFO] [stdout] 
[INFO] [stdout] For more information about this error, try `rustc --explain E0432`.
[INFO] [stdout] 
[INFO] [stderr] error: could not compile `g1`.
[INFO] [stderr] 
[INFO] [stderr] To learn more, run the command again with --verbose.
[INFO] [stderr] warning: build failed, waiting for other jobs to finish...
[INFO] [stdout] warning: unused import: `Connection`
[INFO] [stdout]  --> examples/macro.rs:3:17
[INFO] [stdout]   |
[INFO] [stdout] 3 | use g1::{query, Connection, SqliteConnection};
[INFO] [stdout]   |                 ^^^^^^^^^^
[INFO] [stdout]   |
[INFO] [stdout]   = note: `#[warn(unused_imports)]` on by default
[INFO] [stdout] 
[INFO] [stdout] 
[INFO] [stdout] error: aborting due to previous error; 1 warning emitted
[INFO] [stdout] 
[INFO] [stdout] 
[INFO] [stdout] For more information about this error, try `rustc --explain E0432`.
[INFO] [stdout] 
[INFO] [stdout] warning: unused import: `Connection`
[INFO] [stdout]  --> examples/readme.rs:6:23
[INFO] [stdout]   |
[INFO] [stdout] 6 | use g1::{query, Atom, Connection, SqliteConnection};
[INFO] [stdout]   |                       ^^^^^^^^^^
[INFO] [stdout]   |
[INFO] [stdout]   = note: `#[warn(unused_imports)]` on by default
[INFO] [stdout] 
[INFO] [stdout] 
[INFO] [stdout] error: aborting due to previous error; 1 warning emitted
[INFO] [stdout] 
[INFO] [stdout] 
[INFO] [stdout] For more information about this error, try `rustc --explain E0432`.
[INFO] [stdout] 
[INFO] [stderr] error: build failed
[INFO] running `Command { std: "docker" "inspect" "8e9b5ddb3b5e11ede63868bbd1de113517cdd3ccc60d4bab9c0ff2d0a99def78", kill_on_drop: false }`
[INFO] running `Command { std: "docker" "rm" "-f" "8e9b5ddb3b5e11ede63868bbd1de113517cdd3ccc60d4bab9c0ff2d0a99def78", kill_on_drop: false }`
[INFO] [stdout] 8e9b5ddb3b5e11ede63868bbd1de113517cdd3ccc60d4bab9c0ff2d0a99def78
